hest common divisor of g and w?
13
Let x = -7 - -9. Suppose x + 6 = 4*l. Suppose 5*z - 70 = l*z - 5*h, 4*z = -h + 82. What is the greatest common divisor of z and 160?
20
Let z = 182 - 70. Suppose 0 = 8*y - 9*y + 24. Suppose -1 = -5*a + 5*f + 74, -y = -2*a - 4*f. Calculate the greatest common factor of a and z.
14
Suppose 2*l + 3*l = 0. Suppose -4*a + 21 - 1 = l. Suppose 8 = a*o - 2. What is the greatest common divisor of o and 8?
2
Let b = 23 - 9. Let r(w) = 32*w - 98. Let t be r(7). What is the highest common factor of t and b?
14
Let q(r) = -75*r - 11. Let j be q(10). Let k = -420 - j. Calculate the highest common divisor of k and 31.
31
Suppose l + 3*q = 132, 2*q = 2*l - 2*q - 264. Let o = l + -64. Let r be o/((-4)/24*-3). What is the highest common factor of r and 17?
17
Let a be -1*(-3 + -1 - -1). Suppose -10*n + 112 = -a*n. Let g(x) = -47*x**3 + x**2 + x + 1. Let q be g(-1). Calculate the highest common divisor of q and n.
16
Let q be 10/(2 + -7)*-10. Let w be 175*(32/q)/4. Calculate the highest common divisor of 14 and w.
14
Let x(f) = f**2 - 19*f + 42. Let r be x(17). Calculate the highest common factor of 2 and r.
2
Suppose 6*f - 583 - 263 = 0. What is the highest common divisor of f and 47?
47
Let c be 8/52 - (-318)/(-39). Let h = c - -23. What is the greatest common factor of h and 165?
15
Suppose -u - 20 = 4*u. Suppose 2*f - 14 = -5*o, 2*f + 2*o - 60 = -2*f. Let m = f + u. What is the greatest common divisor of m and 65?
13
Let u be (-2)/(-2)*-3*32/(-4). What is the greatest common factor of 2904 and u?
24
Let u be 23/3 - (-1)/3. Let b = 1681 + -1669. Calculate the greatest common divisor of u and b.
4
Let k be (-4 + -2)*3/(-6). Suppose 90 = -5*j + 3*l + 940, 3*l = 0. Suppose k*h + j = 4*c + 2*h, 40 = c + h. Calculate the greatest common divisor of c and 28.
14
Let b be (15/(-9))/(1/(-12)). Suppose 0*k + 3*m = -3*k, 5*m = -k - b. Let w be 12/10 - 1/k. Calculate the highest common divisor of w and 1.
1
Let b be (-1*6)/(-2) + -1. Let l = 24 + -21. Suppose -6 = -l*j - 2*d + 3*d, -2*j = -4*d - 4. Calculate the highest common factor of j and b.
2
Let a(h) = -h**2 - 55*h - 326. Let k be a(-46). Calculate the highest common divisor of 704 and k.
88
Let r be 87 + (-6)/(-3) - 5. Suppose 0 = -4*y + y + 168. Suppose 4*p = -4*b + 64, -y = -5*b + 2*b - 5*p. Calculate the highest common divisor of r and b.
12
Let f(h) = -h + 6. Let j(t) = -t - 12. Let a be j(-6). Let p be f(a). Calculate the greatest common divisor of p and 36.
12
Let x be -5 + (-1)/(-3)*75. Suppose 3*q + 11 - 1 = -5*i, -2*q - 3*i - 6 = 0. Suppose -700 = -q*s - 5*s. Calculate the greatest common factor of s and x.
20
Let g = 273 + -145. Calculate the greatest common divisor of 32 and g.
32
Suppose 3*c - 9 + 0 = 0. Suppose -2*k = 3*i - 125, 5*k - 20 = -c*i + 2*i. Calculate the highest common factor of i and 30.
15
Suppose -18757 - 5057 = -42*c. Calculate the greatest common factor of c and 162.
81
Suppose 61*z - 4284 = 55*z. Calculate the highest common divisor of 42 and z.
42
Let f be (39/91)/((-1)/(-21)). Let m be ((-4)/(-1))/((-2)/(-18)). What is the greatest common divisor of f and m?
9
Let y = -28 - -11. Let z = y - -27. Let f be 4/(16/28)*z. What is the greatest common divisor of 10 and f?
10
Suppose -7*g = -g - 36. What is the greatest common factor of g and 6?
6
Let b(q) = 7*q + 7. Let l(k) = k + 1. Let d(w) = 3*b(w) - 24*l(w). Let o = 19 - 28. Let m be d(o). Calculate the highest common divisor of m and 6.
6
Suppose 0 = 138*m - 147*m + 252. What is the greatest common factor of 8 and m?
4
Let n = -1843 - -1859. Calculate the highest common factor of 48 and n.
16
Suppose 9*x - 3*x - 72 = 0. Suppose 0 = -4*y - 5*o + x, -3 = -y + 2*o. Calculate the highest common factor of y and 1.
1
Suppose 0 = 24*w - 44*w + 4300. What is the highest common factor of w and 43?
43
Let t be (((-294)/(-9))/7)/(2/336). Suppose 0 = -15*w + 11*w + t. What is the highest common factor of w and 28?
28
Suppose 3*i - 48 = -5*t, 2*t + 2*i = 6*i + 14. Let s = -92 - -199. Suppose 1 = 4*m - s. Calculate the greatest common divisor of t and m.
9
Suppose -h = -3*v - 423, 7*h = 12*h - v - 2157. What is the greatest common divisor of 32 and h?
16
Let x be -3*(-2 + (-400)/(-15)). Let k = x + 194. What is the highest common divisor of 24 and k?
24
Let h be 182/4 + 29/(-58). What is the highest common divisor of 9 and h?
9
Suppose 0 = -u - 2*o + 1, 0 = -3*u - 3*o + 6*o + 30. Calculate the highest common divisor of 5 and u.
1
Let w(q) = -43*q**3 + 3*q + 4. Let h be w(-1). What is the greatest common factor of h and 132?
44
Let i = 110 - 46. Let q = i + -13. Suppose -4*v + 359 = q. Calculate the highest common divisor of v and 11.
11
Let x(p) = -16 + 3*p + 3*p + 10*p - 14. Let u be x(5). What is the greatest common divisor of u and 30?
10
Let h(r) = 23*r**2 + 10*r - 17. Let q be h(2). What is the highest common divisor of q and 76?
19
Suppose 2*y - 3*f = 156, f + 292 = 4*y - 0*f. What is the highest common factor of y and 576?
72
Suppose 110 = 2*q + 5*p, 0 = 4*q - 5*p - 122 - 128. Let m = 29 + -5. What is the highest common factor of m and q?
12
Let d be 249/18 + 5/30. Let g be 693/11*(d/6 - 1). Calculate the greatest common divisor of g and 63.
21
Let d(x) = -x**2 + 2*x + 19. Let k be d(-3). What is the highest common factor of 12 and k?
4
Let o(z) = 12*z**2 - 55*z - 26. Let s be o(6). What is the greatest common factor of 95 and s?
19
Suppose 2*m + 2*m = 380. Suppose -g - 4*f = -m, 4*f + 0*f = -5*g + 491. Calculate the greatest common factor of g and 9.
9
Let z = 41 + -39. Suppose z*g = -5*f + 312, -f + g + 65 = 4*g. Calculate the highest common factor of 93 and f.
31
Let t be (8/(-6))/(-18 - (-480)/27). What is the highest common divisor of t and 582?
6
Let s(y) = -2*y**2 + 8*y + 15. Let v be s(4). Let g be 14/(-3)*(-15)/2. Let d = g - v. Calculate the highest common divisor of d and 80.
20
Let d be 123 - 1/((-3)/(-6)). Let y(n) = n**2 + 7*n + 3. Let g = -31 - -23. Let k be y(g). What is the highest common factor of d and k?
11
Let j be ((-1)/(-3))/(5/60). Let z = 28 + -19. Let u(y) = -y**3 + 8*y**2 + 11*y + 10. Let f be u(z). What is the greatest common factor of j and f?
4
Let c = -14 + 14. Let b be 2 + c + 3 - 1. Suppose -2*i + 19 = -1. Calculate the greatest common divisor of i and b.
2
Suppose -75 = -7*w - 12. Calculate the highest common divisor of w and 324.
9
Let i be 2*2/8*10. Let v = 60 + 2. Let u = v - 47. Calculate the highest common divisor of i and u.
5
Let o(c) = c**3 + 16*c**2 - 14*c + 69. Let w be o(-17). Calculate the highest common factor of w and 2178.
18
Suppose 8*y = 3424 + 1040. Calculate the greatest common divisor of 18 and y.
18
Let x(t) = 34*t - 18. Let b be x(1). Let f be (-4)/(1 - 14/10). Let u = b - f. Calculate the greatest common factor of 3 and u.
3
Suppose -185 = -6*n + 127. What is the highest common factor of 65 and n?
13
Let x be -10*6/(-10)*-1 + 11. Suppose 0 = 4*p + p - 5. What is the highest common divisor of x and p?
1
Let q = 187 + -122. Let m = q + -16. What is the highest common factor of 7 and m?
7
Suppose -198 = -6*f - 5*c + 2, -5*c - 130 = -5*f. Calculate the highest common divisor of 570 and f.
30
Suppose -498 = -5*s - 58. Suppose -81 = 33*a - 60*a. Suppose q + a*q - s = 0. Calculate the highest common divisor of q and 2.
2
Let m be -8*380/56 - 2/(-7). Let a = m + 58. Calculate the highest common divisor of a and 4.
4
Let u = 48 - 45. Suppose -u = 3*f - 6. Let b(h) = -2*h - 7. Let q be b(-6). What is the greatest common divisor of q and f?
1
Suppose -5*k + k + w = -122, 2*k - 56 = 3*w. Calculate the greatest common factor of k and 465.
31
Let t be (4/(-6))/((-10)/120). Let h(p) = -p**2 + 9*p + 17. Let o be h(t). Let u(q) = 100*q**2. Let d be u(1). What is the greatest common divisor of d and o?
25
Let m(c) = 6*c**2 - 5*c - 6. Let s be m(10). Calculate the highest common factor of s and 17.
17
Let y(b) = -13*b - 3*b - b**2 + 3 - 11. Let a(m) = m**3 + 4*m**2 - 3*m - 2. Let q be a(-5). Let i be y(q). Calculate the greatest common factor of i and 5.
5
Suppose 11*n - 2041 = -677. Calculate the highest common divisor of 4 and n.
4
Let a(w) = 18*w**2 + w + 1. Let r be a(-1). Let q be (-1)/((21/6)/(-7)). Let l be 21*6/(q - 1). Calculate the greatest common factor 